) = 3*b**2 - 2*b - 5. Calculate a(1).
-4
Let t(g) = -9*g + 677. Give t(75).
2
Let n(b) = b**3 - 20*b**2 + 35*b - 23. Determine n(18).
-41
Let d(v) = -28*v - 2. Calculate d(6).
-170
Let r(w) = -w**2 - 9*w + 45. Give r(4).
-7
Let g(a) = -a**2 + 2*a - 19. Calculate g(0).
-19
Let q(b) = b - 7. What is q(8)?
1
Let r(j) = j**2 - 21*j + 33. Calculate r(24).
105
Let l(h) = 4*h**3 - 2*h**2. What is l(-1)?
-6
Let u(d) = -2*d**3 + 2*d**2 + 4*d + 3. Determine u(-2).
19
Let w(p) = -8*p**3 + 2*p. Give w(2).
-60
Let m(u) = 2*u**2 + 38*u - 6. Determine m(-19).
-6
Let x(l) = -2*l + 8. Determine x(2).
4
Let m(b) = b**2 - 6*b - 12. Give m(10).
28
Let d(w) = -6*w**2 - 62*w - 7. Determine d(-10).
13
Let z(q) = -2*q - 1. What is z(11)?
-23
Let v(k) = -2*k**2 + 4*k + 2. Determine v(3).
-4
Let y(j) = -j + 14. Determine y(6).
8
Let d(h) = -h**3 - 8*h**2 - 6*h + 6. Determine d(-6).
-30
Let u(o) = -5*o + 30. Determine u(7).
-5
Let x(y) = y**3 + 10*y**2 - 14*y - 34. What is x(-11)?
-1
Let j(v) = v**3 + 3*v - 1. Determine j(-2).
-15
Let g(a) = a**2 + 9*a - 161. Calculate g(9).
1
Let r(d) = d**3 + 22*d**2 + d + 16. Calculate r(-22).
-6
Let t(o) = 8*o**2 + 3*o + 2. What is t(-1)?
7
Let v(z) = -23*z - 15. Determine v(3).
-84
Let y(b) = 9*b - 14. Calculate y(3).
13
Let c(r) = 2*r**3 + 3*r**2 + 2*r + 2. What is c(-3)?
-31
Let h(m) = 3*m**3 - 2*m + 1. Determine h(-3).
-74
Let k(s) = -3*s**2 + 39*s - 27. Determine k(11).
39
Let c(h) = -h**2 - 7*h + 21. Calculate c(-8).
13
Let j(r) = -19*r**2 - 2*r - 1. Calculate j(-1).
-18
Let v(m) = -16*m + 123. What is v(7)?
11
Let r(z) = -z**2 - 8*z + 2. Give r(-7).
9
Let s(f) = -2*f**2 + 11*f + 39. Determine s(-3).
-12
Let n(u) = -37*u**2 - u. What is n(-1)?
-36
Let s(m) = -2*m**3 + 20*m**2 + 21*m + 27. Give s(11).
16
Let b(v) = -2*v**2 - 9*v - 3. Calculate b(-7).
-38
Let g(p) = -p**3 - 23*p**2 + 50*p - 8. Give g(-25).
-8
Let m(c) = c**2 - 8*c + 6. What is m(7)?
-1
Let o(b) = 44*b + 3. Give o(-1).
-41
Let y(s) = -2*s**3 + 8*s**2 - 5*s - 11. Give y(5).
-86
Let q(h) = h**3 + 8*h**2 + 9*h + 9. Give q(-7).
-5
Let b(i) = -16*i + 357. What is b(22)?
5
Let o(d) = -33*d - 993. What is o(-30)?
-3
Let a(q) = 3*q - 13. Determine a(-12).
-49
Let x(i) = -i**2 + 6*i + 2. What is x(7)?
-5
Let r(l) = 8*l + 73. What is r(-9)?
1
Let o(l) = -2*l**3 + l**2 + l + 4. Calculate o(2).
-6
Let g(o) = -4*o + 46. Determine g(9).
10
Let h(r) = 4*r - 118. Give h(35).
22
Let l(i) = i**2 + 2*i - 31. Give l(6).
17
Let d(z) = 34*z + 68. Give d(-2).
0
Let i(m) = -m. Give i(-11).
11
Let i(p) = -p**3 + 19*p**2 - 18*p - 12. Determine i(18).
-12
Let p(m) = 8*m - 24. Calculate p(-6).
-72
Let d(o) = o**3 + 12*o**2 - 15*o - 16. Determine d(-13).
10
Let p(j) = -2*j**3 - 25*j**2 + 11*j - 23. Determine p(-13).
3
Let s(o) = -o**3 + 8*o**2 + o - 5. Give s(8).
3
Let o(i) = i + 16. What is o(-12)?
4
Let b(n) = n**3 + 6*n**2 + 2. Calculate b(-6).
2
Let u(a) = -2*a**2 - 67*a - 101. What is u(-32)?
-5
Let t(q) = q**2 - 5*q - 44. What is t(-5)?
6
Let k(o) = -o**3 + 10*o**2 - 7*o + 12. Give k(9).
30
Let x(n) = 4*n - 5. Determine x(-16).
-69
Let i(a) = -a**3 + 9*a**2 - 10*a + 23. Determine i(8).
7
Let z(u) = u**3 - 6*u**2 - 2. What is z(6)?
-2
Let v(x) = -7*x**2 - 1. Calculate v(1).
-8
Let k(t) = t**3 + 6*t**2 - t + 3. What is k(-7)?
-39
Let n(i) = 7*i + 56. What is n(-19)?
-77
Let t(m) = m**3 + 4*m**2 + 3*m + 2. Calculate t(-4).
-10
Let a(f) = 113*f + 4. Determine a(0).
4
Let z(c) = 37*c**3 + c. Determine z(-1).
-38
Let d(i) = -i**2 + i - 1. What is d(-3)?
-13
Let t(y) = 28*y + 76. Give t(-3).
-8
Let j(n) = 19*n + 81. Determine j(-5).
-14
Let m(l) = -4*l**3 - 2*l**2 - l + 1. What is m(2)?
-41
Let c(d) = d**3 + 29*d**2 - 32*d - 25. Calculate c(-30).
35
Let p(g) = 9*g - 48. Give p(3).
-21
Let i(o) = o**3 + o**2 + 2*o + 3. Calculate i(-3).
-21
Let c(a) = 3*a**2 - 29*a + 16. Calculate c(7).
-40
Let r(a) = 3*a**2 - 12*a - 1. What is r(5)?
14
Let i(k) = -2*k + 3. Calculate i(-4).
11
Let w(v) = -2*v**3 - 49*v**2 - 25*v - 18. Give w(-24).
6
Let m(a) = 22*a - 45. Give m(7).
109
Let u(a) = -a**2 - 7*a - 7. Give u(-7).
-7
Let s(q) = 2*q + 46. Calculate s(-21).
4
Let g(m) = -m**2 + 96. Determine g(0).
96
Let x(m) = 6*m + 13. What is x(-1)?
7
Let g(w) = w**3 - 17*w**2 - 40*w + 46. Determine g(19).
8
Let q(v) = -v**3 + 4*v**2 + 10*v - 1. Give q(5).
24
Let r(a) = 15*a + 6. Calculate r(-1).
-9
Let n(d) = d - 1. Calculate n(-6).
-7
Let c(o) = 201*o + 1411. Determine c(-7).
4
Let y(c) = -2*c - 22. Determine y(-5).
-12
Let i(c) = 15*c + 3. Give i(2).
33
Let b(x) = -x**3 + 8*x**2 + 4*x - 7. Calculate b(8).
25
Let g(v) = -2*v**2 - 3*v + 29. Determine g(-9).
-106
Let h(r) = -6*r - 116. Determine h(-18).
-8
Let d(a) = -26*a. Give d(-1).
26
Let a(u) = 2*u**2 + 13*u - 20. What is a(-7)?
-13
Let l(p) = -8*p**2 + 64*p + 3. Calculate l(8).
3
Let i(h) = 12*h - 70. Determine i(6).
2
Let l(z) = -14*z + 54. Calculate l(4).
-2
Let z(d) = d**3 - 4*d**2 + 5*d - 5. Give z(3).
1
Let q(s) = 2*s + 32. Give q(-21).
-10
Let s(r) = 4*r**3 + 1. Calculate s(-1).
-3
Let q(t) = -3*t - 24. What is q(-4)?
-12
Let y(s) = -26*s + 30. Calculate y(1).
4
Let z(u) = -2*u**3 + 21*u**2 - 14*u + 26. Determine z(10).
-14
Let y(c) = c**3 - 9*c**2 - 11*c + 8. What is y(10)?
-2
Let b(r) = r**3 - 8*r**2 - 3*r + 3. What is b(8)?
-21
Let g(o) = o**2 - o + 6. Give g(-5).
36
Let v(l) = l**3 + 17*l**2 + l + 21. What is v(-17)?
4
Let n(g) = -8*g**2 - 2*g + 3. Calculate n(1).
-7
Let l(r) = -12*r**2 - 3*r. Determine l(-2).
-42
Let k(j) = -j**2 - 16*j - 15. What is k(-15)?
0
Let y(v) = v**3 + 7*v**2 + 6*v + 11. Calculate y(-6).
11
Let c(t) = -4*t + 16. Determine c(13).
-36
Let h(d) = -d**3 - 15*d**2 + d + 3. What is h(-15)?
-12
Let k(y) = 6*y + 105. Give k(-15).
15
Let z(w) = w**3 - 20*w**2 + 4*w - 106. Determine z(20).
-26
Let c(h) = h**3 + 14*h**2 - 12*h + 34. Give c(-15).
-11
Let z(o) = o**3 - 13*o**2 + 21*o + 16. Determine z(11).
5
Let h(r) = -r**3 - 3*r**2 - 2. Determine h(-3).
-2
Let c(u) = 8*u**3 + u**2 - u - 1. Calculate c(-1).
-7
Let h(b) = -14*b + 7. Determine h(1).
-7
Let r(v) = v**2 - 3*v - 1. Calculate r(5).
9
Let f(z) = 7*z - 3. Calculate f(-12).
-87
Let s(w) = -2*w**3 - 11*w**2 - 13*w - 8. Calculate s(-4).
-4
Let w(z) = -z**2 - 4*z - 3. Calculate w(-6).
-15
Let z(o) = o**2 + 2*o - 24. What is z(-5)?
-9
Let t(y) = -y**3 + 4*y**2 + 5*y - 13. Determine t(6).
-55
Let o(u) = -2*u**2 + 9*u + 7. Determine o(6).
-11
Let i(c) = -9*c**3 - 180*c**2 + 1. Determine i(-20).
1
Let z(j) = -2*j**3 - 3*j**2 + 2*j. Give z(-3).
21
Let h(z) = z**3 - 5*z**2 - 5*z + 8. Determine h(6).
14
Let u(x) = -x**2 + 2*x + 2. Give u(3).
-1
Let h(v) = -2*v**2 + 4*v + 3. What is h(-2)?
-13
Let q(t) = 2*t**2 - 7*t + 5. Give q(4).
9
Let p(z) = z**2 - z + 1. Determine p(-4).
21
Let p(f) = -32*f + 164. What is p(6)?
-28
Let a(g) = -18*g**2 + 112*g - 14. Calculate a(6).
10
Let k(q) = -2*q**2 + 8*q + 4. Determine k(3).
10
Let x(h) = 6*h**2 - 7*h + 7. Calculate x(2).
17
Let r(k) = k**3 + 12*k**2 - 5*k - 46. Calculate r(-12).
14
Let r(h) = -h**3 + 13*h**2 - h + 13. What is r(13)?
0
Let y(f) = -35*f + 6. Determine y(1).
-29
Let d(m) = 2*m**2 + 10*m + 9. Calculate d(-1).
1
Let o(h) = h**2 + 11*h - 12. Give o(-12).
0
Let x(n) = n**3 + 4*n**2 + 3*n + 3. Determine x(-3).
3
Let d(y) = y**2 + 5*y - 16. What is d(-5)?
-16
Let c(q) = 18*q + 1. Calculate c(1).
19
Let r(b) = -10*b**2 - b + 2. What is r(2)?
-40
Let o(f) = 2*f + 6. Determine o(10).
26
Let y(z) = -z**3 + 6*z**2 + 9*z. Determine y(7).
14
Let y(j) = j**2 - 4*j + 8. Calculate y(5).
13
Let d(y) = y**2 + 2*y - 35. What is d(0)?
-35
Let b(h) = 3*h**3 - 2*h - 3. Give b(-1).
-4
Let j(x) = x**3 + 7*x**2 - 30*x - 4. Give j(-10).
-4
Let j(r) = 4*r + 26. Determine j(-12).
-22
Let p(b) = b**2 + 40*b + 39. Determine p(-39).
0
Let k(s) = -s**3 + 9*s**2 + 19*s + 44. Give k(11).
11
Let u(g) = 5*g - 111. Give u(18).
-21
Let k(b) = -2*b**3 - b**2 - 4*b - 2. What is k(-1)?
3
Let z(a) = a**3 - 7*a**2 + 9*a + 2. What is z(2)?
0
Let r(s) = 6*s**2 + 35*s - 49. What is r(-7)?
0
Let q(c) = -c**2 - 4*c - 1. Calculate q(1).
-6
Let c(i) = -2*i**3 - 39*i**2 - 21*i + 37. What is c(-19)?
75
Let f(t) = 8*t + 7. Calculate f(4).
39
Let a(l) = l**3 - 12*l**2 - 16*l - 2. Calculate a(13).
-41
Let w(b) = 2*b + 8. What is w(-2)?
4
Let u(o) = -3*o**2 + 63*o + 2. Determine u(